 k(d) = 6*l(d) + 17*n(d). Calculate k(y).
2
Let k(a) = -3*a**3 + 3*a**2 + 4*a + 15. Let b(x) = 4*x**3 - 5*x**2 - 6*x - 22. Let v(w) = -5*b(w) - 7*k(w). Calculate v(-4).
-3
Let q(w) = -w + 2. Let p(k) = k**3 - 21*k**2 + 19*k + 25. Suppose -2*u = -u - 20. Let o be p(u). Calculate q(o).
-3
Let f(n) = -9*n - 5. Let l(s) = 2*s + 1. Let j(a) = -6*f(a) - 26*l(a). Let x be 10/4*-2*128/160. Determine j(x).
-4
Let t(i) = i + 1. Let j(p) = p**2 + 3*p + 5. Let f(v) = 2*v + 6 - 3*v**2 + 0 - 3. Let b be f(-1). Let w be j(b). Determine t(w).
4
Let b(y) be the first derivative of y**4/4 + 2*y**3/3 - 3*y**2/2 - 4*y + 15. Let t(l) = 2*l - 7. Let m be t(2). Determine b(m).
-4
Let a(q) = q**3 + 28*q**2 + q + 29. Let u be a(-28). Let s(p) = -2 + 3 - 4*p + 0. What is s(u)?
-3
Let n(t) = 2*t - 3*t + 4 - 5 - 2. Suppose 3*o - q = -3*q - 36, -3*q + 60 = -5*o. Let k be (-2)/3 - 8/o. Give n(k).
-3
Let o(k) = -3*k**2 + 8*k - 17. Let c(r) = 4*r**2 - 9*r + 18. Let g(d) = -4*c(d) - 5*o(d). Let f be g(-6). Let b(z) = 3*z**2 - 5*z**2 + 5*z**2. Determine b(f).
3
Suppose -4*d + 10 = -2*d. Let c = 9 - 7. Let z(w) = 1356*w**3 - 3*w - 1355*w**3 + 0*w**2 - 3 - 4*w**c. What is z(d)?
7
Let z(n) = n**2 + 4*n - 11. Let f be z(2). Let v(q) = 8*q**2 + 2*q - 1. Let s(i) = -24*i**2 - 6*i + 3. Let k(d) = -2*s(d) - 7*v(d). What is k(f)?
-9
Let m(x) = 16 - 17 + 21 + 2 + x + 0*x. Determine m(-8).
14
Let h(y) = 3*y. Let n be h(1). Suppose -o - 16 = n*u, -2*o = -5*o - 3. Let d(l) = -l**2 - 8*l - 6. What is d(u)?
9
Let b be 1/5 - (-84)/5. Let x = 11 - b. Let l(g) = -g + g**3 + 3 + 6*g**2 + g. Calculate l(x).
3
Let m(s) = -s - 6336*s**2 - 5*s - 6 + 6335*s**2. Give m(-6).
-6
Let c be (24/(-18))/((-4)/(-72)). Let g = 28 + c. Let t(b) be the second derivative of -b**3/6 - 3*b**2/2 + b. Give t(g).
-7
Let n(k) = -k**2 - 2*k. Let g(f) = 7*f**2 + 4*f + 12. Let t(u) = g(u) + 6*n(u). Determine t(7).
5
Let y(i) = -i**3 - 6*i**2 + 9*i + 10. Let q be y(-7). Let n(b) be the first derivative of b**2 + 5*b + 991. Calculate n(q).
-3
Let s = -179 + 185. Let f(n) = -n + 4. Determine f(s).
-2
Let g(q) = -q**2 + 5*q + 5. Let w be g(5). Suppose w*t - z = 30, -6*t = -3*t - z - 16. Let f(k) = -k**3 + 7*k**2 - 2*k + 5. Give f(t).
-9
Let p(l) = l**2 + 17*l - 10. Let n be p(-19). Let j = n - 20. Let v(h) = 2*h - 9. Calculate v(j).
7
Let y be 3*-2*(-2)/(-4). Let z = 2 - y. Let k(p) = -242*p + 486*p - 243*p + 3. What is k(z)?
8
Let u(q) = -4*q + 4. Suppose 2*h - 18*a = -14*a, 3 = h + a. Determine u(h).
-4
Let r(i) = -i + 7. Suppose 9*t - 9 = 72. Give r(t).
-2
Let z(m) = -4 - 2*m - 1 - m - m. Let d be (-6)/15 - 27/(-5). Suppose 2*y - 4 = t + 4*y, -t - 4 = d*y. Determine z(t).
11
Let m(k) be the first derivative of -3*k**3 - k**2/2 - k + 23. What is m(-1)?
-9
Let y(d) = -d**2 + 8*d - 7. Let p(f) = -f**2 + 21*f - 59. Let k be p(4). What is y(k)?
-16
Let b = 1057 - 1056. Let w(q) be the first derivative of 2*q**2 + 3*q + 1/3*q**3 - b. Give w(-3).
0
Let g = -18 + 16. Let j be 1*(2 + -4) - -4. Let f(h) = -4*h**j + 2 - 3*h + 5*h - h**3 - 1. Determine f(g).
-11
Let j(i) = -i**2 + 6*i + 9. Let b be j(7). Suppose -5*n - 3*r = -0*n - 16, -5*n + 4 = -3*r. Let f(k) = 31*k - 2*k**n + k**3 + 0*k**2 - 31*k. What is f(b)?
0
Let f(v) = -2*v**2 + 2*v + 5. Let s(x) = x + 1. Let l(r) = f(r) - s(r). Give l(5).
-41
Let v(t) be the second derivative of 0 - 2*t**2 + t**3 - 2*t - 1/12*t**4. Give v(4).
4
Let q(u) be the first derivative of -u**3/3 + 11*u**2/2 - 8*u + 242. Determine q(7).
20
Let u(g) = g - 4. Suppose -2*i - 69 = 3*s, 5*s + 4*i = 2*s - 75. Let l = 14 + s. Give u(l).
-11
Let o(q) = -8*q + 7*q - 1 - 3 + 2. Suppose 0 = 4*h - 4, -5*h - 19 = 2*t + 2*t. Calculate o(t).
4
Let i(c) = 2*c - 3. Let z(b) = 2*b + 1. Let m be z(2). Let j(l) = 3*l - 4. Let v(k) = m*j(k) - 8*i(k). What is v(5)?
-1
Let q(r) = -11310 - r + 7*r + 11244. Determine q(12).
6
Suppose j + 5*w + 27 = 0, -w + 0*w = 5. Let s(t) be the second derivative of 4 + 1/12*t**4 - 1/6*t**3 + 3*t + 1/2*t**2. What is s(j)?
7
Let k(f) = f**2 + 2*f - 3. Suppose -2*b - 128 = 4. Let z = b - -60. Determine k(z).
21
Let a(u) = -u**2 + 1. Suppose m + 18 = 22. Calculate a(m).
-15
Let x(v) = 2*v. Let b be 2 - 2/4*-2. Suppose 17 - 2 = 3*q, -3*j - q + 5 = 0. Suppose 0 = p - b - j. What is x(p)?
6
Let v(h) be the third derivative of h**5/60 + h**4/6 - 4*h**3/3 - 2*h**2. Suppose -14*l + 11*l = 18. Calculate v(l).
4
Let r = 16 + -10. Suppose 4*z = r*z - 6. Let u(n) = -n - 2*n**2 - 8*n**2 + n**3 + 4*n**2 + z. What is u(6)?
-3
Let g(o) = -29*o**2 - 7*o - 12. Let c(k) = 25*k**2 + 6*k + 11. Let n(v) = -7*c(v) - 6*g(v). What is n(4)?
-21
Let c(g) = g**2 - 2*g + 2 + 0*g**2 + 7*g. Let j be (4/3)/(7/(-42)*-2). Suppose 3 = -5*f + 4*m, 0 = -3*f - j*m - 6 - 15. What is c(f)?
-4
Let l(i) = 8*i. Let z(q) = -9*q - 1. Let d be 0/(-1)*1/(-2). Let b be (-5 + d)*21/(-15). Let n(h) = b*l(h) + 6*z(h). Give n(5).
4
Let g be 2 - (-2)/(-2) - 4. Let m = 48 + -46. Let t(o) = 3*o + o**m - 3*o - o + 0*o - 1. Give t(g).
11
Let f(l) = -l**3 - 6*l**2 - 2*l - 6. Let w be -12 + 4 - (1 + -3). Give f(w).
6
Let p(o) = -o**2 + o. Let n(q) = -q**2 + 5*q. Let f(b) = -n(b) + 2*p(b). Give f(-2).
2
Let f(z) = -11*z**3 + z**2 - 11*z - 10. Let c(n) = -5*n**3 + n**2 - 5*n - 5. Let w(b) = -13*c(b) + 6*f(b). Let r be (-2)/(-7) + 16/(-7) + -5. Calculate w(r).
12
Let h = -311 - -303. Let x(k) = -3*k - 10. Give x(h).
14
Let k(l) be the third derivative of l**5/12 - l**4/12 - l**3/6 - 12*l**2. Let c be k(-1). Let o(y) = 4*y - 4. Give o(c).
20
Let q(m) = 20*m + m + m**3 - 2 - 11*m - 7*m - 6*m**2. Give q(6).
16
Let u(q) = -q**3 + 50*q**2 + 48*q + 161. Let h be u(51). Let w(f) = 2*f - 13. Determine w(h).
3
Let n(b) be the second derivative of b**3/3 + 11*b**2 - 4*b. What is n(-10)?
2
Suppose -4*g + 2*w = -6, 10 - 8 = 2*g - 2*w. Let q(s) = -4*s**2 + 3*s - 1. Calculate q(g).
-11
Suppose -4*u + 19 + 17 = 0. Let q(g) = -2 - 3*g**2 - g**3 + u*g**2 + 0*g**3 - 3. Determine q(6).
-5
Let i(x) = -3*x**2 + 4*x - 4. Let o(k) = 7*k**2 - 9*k + 9. Let n(b) = -5*i(b) - 2*o(b). Let h(t) = t - 4. Let g be h(6). What is n(g)?
2
Let s(p) = -43*p - 2 + 9*p**3 + 43*p + 3. Let b(l) = l**3 + 5*l**2 - 5*l + 5. Let h be b(-6). Determine s(h).
-8
Let k(u) = -u**3 - 10*u**2 + 10*u - 9. Suppose -19*i = -11 + 220. Determine k(i).
2
Let k(j) = 2*j. Let w = -96 + 193. Suppose -w*r = -99*r + 4. Give k(r).
4
Let z(j) = -5*j**2 + 9*j - 6. Let n(c) = 3*c**2 - 4*c + 3. Let s(r) = -5*n(r) - 2*z(r). Calculate s(3).
-42
Let u(k) be the first derivative of 9*k**4/4 + 2*k**3/3 + k**2 + k + 62. Determine u(-1).
-8
Let g = 147 + -139. Let t(v) = -4*v - 2. Calculate t(g).
-34
Suppose 5*p - 14 = -3*a, -19 = -2*p - 2*p - 5*a. Let v(c) = -p + c + 0 - 2. Suppose 28 = 5*w - 2*s, 23*w - 27*w - 2*s = -8. What is v(w)?
1
Let k be 1*(8 - (2 + -1)). Let d(y) be the second derivative of y**4/12 - 4*y**3/3 + 2*y + 370. Give d(k).
-7
Let r(o) = o - 11. Let k be r(10). Let w(j) = j**2 + 2*j + 1. Give w(k).
0
Suppose 0*p = 3*p - 9. Let s(d) be the second derivative of d**5/20 - d**4/3 + 3*d**2/2 + 47*d. Calculate s(p).
-6
Let s(q) = q**3 - 8*q**2 + 8*q - 8. Let y = -288 - -295. Calculate s(y).
-1
Let o(p) be the first derivative of p**4/4 + p**3/3 + 34*p + 146. What is o(0)?
34
Let g(v) = -3*v**2 - v + 2. Suppose -17 + 23 = 3*t. Calculate g(t).
-12
Let x(l) be the third derivative of -1/24*l**4 - 4*l**2 + 0 - 1/3*l**3 + 0*l. Determine x(5).
-7
Let g(o) = -2 - 24*o + 23*o + o**3 + 2 + 2*o**2. Give g(-3).
-6
Let z(y) = -9*y**3 - 28*y**2 + 23*y + 46. Let j(v) = -4*v**3 - 13*v**2 + 11*v + 21. Let s(h) = -7*j(h) + 3*z(h). Give s(-8).
-9
Let p(l) be the second derivative of -l - 1/4*l**4 - 1/20*l**5 + 0 - 1/3*l**3 + 0*l**2. Suppose -2*n - 9 = -3*h + 4*h, -3*n - 2*h - 16 = 0. Determine p(n).
0
Let t(k) = 7*k**3 + 4*k**2 + 2*k + 4. Let w(j) = 16*j**3 + 8*j**2 + 5*j + 9. Let i(a) = 9*t(a) - 4*w(a). Let b be -5*(6/5 - 2). Calculate i(b).
-8
Let t(n) = 7*n + 23. Suppose -3*l - 21 = 5*f - 4*f, 4*l + 4*f + 36 = 0. Calculate t(l).
-19
Let r = 64 - 31. Let a = r + -38. Let m(x) = x**2 + 6*x + 3. Calculate m(a).
-2
Let n(b) be the second derivative of -b**7/840 + b**6/72 - b**5/40 - b**4/24 + 7*b**3/6 + 12*b. Let k(q) be the second derivative of n(q). Give k(3).
8
Let p(l) = l**2 + 9*l + 14. Let h = -567 - -560. Determine p(h)